{"id":20,"date":"2013-07-28T13:10:08","date_gmt":"2013-07-28T12:10:08","guid":{"rendered":"http:\/\/ufasu.blogs.upv.es\/?page_id=20"},"modified":"2016-06-17T14:44:07","modified_gmt":"2016-06-17T12:44:07","slug":"unidad-de-formacion-del-pas","status":"publish","type":"page","link":"https:\/\/ufasu.blogs.upv.es\/ca\/unidad-de-formacion-del-pas\/","title":{"rendered":"\u00bfQu\u00e8 es la UFASU?"},"content":{"rendered":"<p align=\"justify\">La Unitat de Formaci\u00f3 (UFASU) \u00e9s una unitat pertanyent al Servei de Recursos Humans de la Universitat Polit\u00e8cnica de Val\u00e8ncia, que posa a la disposici\u00f3 del personal d'administraci\u00f3 i serveis i personal de investigaci\u00f3\u00a0una s\u00e8rie de propostes i possibilitats formatives que els permeten actualitzar els seus coneixements i capacitats professionals fent-los m\u00e9s competents en l'acompliment del seu treball i afavorint l'adaptaci\u00f3 als canvis que experimenta la universitat i la societat actual.<\/p>\r\nPer a a\u00e7\u00f2 oferim diferents vies de formaci\u00f3, d'una banda el Pla de Formaci\u00f3 biennal que permet formar-se en aquelles mat\u00e8ries transversals a qualsevol perfil professional. D'altra banda disposem de les Ajudes a la formaci\u00f3 dirigides a aquells perfils que no troben en el nostre Pla formatiu opcions de formaci\u00f3 espec\u00edfiques per al seu lloc. Es tracta d'ajudes que financen els costos d'inscripci\u00f3 en activitats formatives externes a la UFASU. I finalment el finan\u00e7ament de la formaci\u00f3 d'Idiomes estrangers dirigit a tots els emprats PAS i de recerca organitzada pel Centre de Lleng\u00fces de la UPV.\r\n\r\n<a style=\"font-family: 'Droid Sans', 'Helvetica Neue', 'Nimbus Sans L', sans-serif;font-size: 15px;font-style: normal;font-variant: normal;line-height: 24.296875px;text-align: -webkit-center\" href=\"http:\/\/ufasu.blogs.upv.es\/wp-content\/uploads\/2013\/07\/742220C.gif\"><img loading=\"lazy\" decoding=\"async\" class=\"size-medium wp-image-45 aligncenter\" src=\"http:\/\/ufasu.blogs.upv.es\/wp-content\/uploads\/2013\/07\/742220C-300x122.gif\" alt=\"742220C\" width=\"300\" height=\"122\" srcset=\"https:\/\/ufasu.blogs.upv.es\/wp-content\/uploads\/2013\/07\/742220C-300x122.gif 300w, https:\/\/ufasu.blogs.upv.es\/wp-content\/uploads\/2013\/07\/742220C-700x285.gif 700w\" sizes=\"auto, (max-width: 300px) 100vw, 300px\" \/><\/a>\r\n<p align=\"justify\">Actualment s'ha incorporat una nova via per a l'autoformaci\u00f3. Es tracta d'una s\u00e8rie d'activitats de formaci\u00f3 online no tutoritzades que es troben actives i a la disposici\u00f3 de qualsevol interessat en la Plataforma de formaci\u00f3 de la UPV (PoliformaT) sota el nom de OpenUFASU.<\/p>\r\nLa Unitat de Formaci\u00f3, juntament amb altres serveis de la UPV (CFP, SPNL, CDL i HISSE), posa a la disposici\u00f3 dels seus usuaris un Portal de Formaci\u00f3 que permet disposar i gestionar de tota la informaci\u00f3 referent a la seua formaci\u00f3 no reglada.\r\n\r\nEl nostre equip de treball est\u00e0 compost per:\r\n<ul>\r\n \t<li><a href=\"http:\/\/www.upv.es\/pls\/oalu\/sic_per.info_persona?PE=78mSD%2FYIsThwxt06arVPyPy78KHpqet2RTRj4mYvdTz0i7lVQyCjFXaFOtRc0p0zPHU6AAm8EaFoD0wvUzsh3%2FksH9%2FiipkthfWzvLtgaDKi5PdEfDhN8Q%3D%3D&amp;P_IDIOMA=c&amp;P_TIPOBUS=0&amp;P_VISTA=MS\"><span style=\"font-family: Arial\"><b>Eva Gonz\u00e1lez<\/b><\/span><\/a><span style=\"font-family: Arial\"><b>\u00a0<\/b>(Responsable de formaci\u00f3)<\/span><\/li>\r\n<\/ul>\r\n<ul>\r\n \t<li><a href=\"http:\/\/www.upv.es\/pls\/oalu\/sic_per.info_persona?PE=K5MRNhA8C7jVPYn2nZlQN5TvCtW3bnfY6DcV1%2F%2BaUUdF5qfM5p60C3aFOtRc0p0zaCYXZwT0me9iIFXYuCy2T2rWKIPL9p0VlO8K1bdud9jhyt%2FFoiUIfQ%3D%3D&amp;P_IDIOMA=v&amp;P_TIPOBUS=0&amp;P_VISTA=MS\"><span style=\"font-family: Arial\"><b>Anabel\u00a0<\/b><\/span><\/a><span style=\"font-family: Arial\"><b><a href=\"http:\/\/www.upv.es\/pls\/oalu\/sic_per.info_persona?PE=K5MRNhA8C7jVPYn2nZlQN5TvCtW3bnfY6DcV1%2F%2BaUUdF5qfM5p60C3aFOtRc0p0zaCYXZwT0me9iIFXYuCy2T2rWKIPL9p0VlO8K1bdud9jhyt%2FFoiUIfQ%3D%3D&amp;P_IDIOMA=v&amp;P_TIPOBUS=0&amp;P_VISTA=MS\">San<\/a><a href=\"http:\/\/www.upv.es\/pls\/oalu\/sic_per.info_persona?PE=K5MRNhA8C7jVPYn2nZlQN5TvCtW3bnfY6DcV1%2F%2BaUUdF5qfM5p60C3aFOtRc0p0zaCYXZwT0me9iIFXYuCy2T2rWKIPL9p0VlO8K1bdud9jhyt%2FFoiUIfQ%3D%3D&amp;P_IDIOMA=v&amp;P_TIPOBUS=0&amp;P_VISTA=\">z<\/a><\/b>\u00a0(Cap\u00a0d'Unitat Administrativa)<\/span><\/li>\r\n<\/ul>\r\n<ul>\r\n \t<li><span style=\"font-family: Arial\"><a href=\"http:\/\/www.upv.es\/pls\/oalu\/sic_per.info_persona?PE=78mSD%2FYIsTjyIaxjnZdysPXuKMpGrP4cz0Iy4yoOd%2B9F5qfM5p60C3aFOtRc0p0zmRIYvWc9KTloD0wvUzsh35pj6wqFaS1t%2F9hE%2F%2BKen%2FK%2Bpm7dOQ0ZgA%3D%3D&amp;P_IDIOMA=c&amp;P_TIPOBUS=0&amp;P_VISTA=\"><b>Eva Monteagudo<\/b><\/a><a href=\"http:\/\/www.upv.es\/pls\/oalu\/sic_per.info_persona?PE=78mSD%2FYIsTjVYIzqIEvAjek84uH0FywI3q%2FacbheL730i7lVQyCjFXaFOtRc0p0zwEARFK1Vh61oD0wvUzsh3%2BMJilgCDV84AnpclqLa4ZSZjXNandhLuA%3D%3D&amp;P_IDIOMA=c&amp;P_TIPOBUS=0&amp;P_VISTA=MS\">\u00a0<\/a>(Administrativa)<\/span><\/li>\r\n<\/ul>\r\n<ul>\r\n \t<li><a href=\"http:\/\/www.upv.es\/pls\/oalu\/sic_per.info_persona?PE=78mSD%2FYIsTjVYIzqIEvAjVxiuiWdyOUxK%2FcGw7hLMo%2F0i7lVQyCjFXaFOtRc0p0z0pvzW8%2F8AaNoD0wvUzsh3%2BMJilgCDV84kU8LhhPv%2Fs9HOxrGqgYpwg%3D%3D&amp;P_IDIOMA=c&amp;P_TIPOBUS=0&amp;P_VISTA=MS\"><span style=\"font-family: Arial\"><b>Patricia Sorribes<\/b><\/span><\/a><span style=\"font-family: Arial\"><b>\u00a0<\/b>(Administrativa)<\/span><\/li>\r\n<\/ul>\r\n<p align=\"justify\"><\/p>","protected":false},"excerpt":{"rendered":"<p>La Unitat de Formaci\u00f3 (UFASU) \u00e9s una unitat pertanyent al Servei de Recursos Humans de la Universitat Polit\u00e8cnica de Val\u00e8ncia, que posa a la disposici\u00f3 del personal d&#8217;administraci\u00f3 i serveis i personal de investigaci\u00f3\u00a0una s\u00e8rie de propostes i possibilitats formatives que els permeten actualitzar els seus coneixements i capacitats professionals &#8230;<\/p>\n","protected":false},"author":632,"featured_media":0,"parent":0,"menu_order":0,"comment_status":"closed","ping_status":"open","template":"","meta":{"footnotes":""},"class_list":["post-20","page","type-page","status-publish","hentry"],"aioseo_notices":[],"_links":{"self":[{"href":"https:\/\/ufasu.blogs.upv.es\/ca\/wp-json\/wp\/v2\/pages\/20","targetHints":{"allow":["GET"]}}],"collection":[{"href":"https:\/\/ufasu.blogs.upv.es\/ca\/wp-json\/wp\/v2\/pages"}],"about":[{"href":"https:\/\/ufasu.blogs.upv.es\/ca\/wp-json\/wp\/v2\/types\/page"}],"author":[{"embeddable":true,"href":"https:\/\/ufasu.blogs.upv.es\/ca\/wp-json\/wp\/v2\/users\/632"}],"replies":[{"embeddable":true,"href":"https:\/\/ufasu.blogs.upv.es\/ca\/wp-json\/wp\/v2\/comments?post=20"}],"version-history":[{"count":0,"href":"https:\/\/ufasu.blogs.upv.es\/ca\/wp-json\/wp\/v2\/pages\/20\/revisions"}],"wp:attachment":[{"href":"https:\/\/ufasu.blogs.upv.es\/ca\/wp-json\/wp\/v2\/media?parent=20"}],"curies":[{"name":"wp","href":"https:\/\/api.w.org\/{rel}","templated":true}]}}

¿Què es la UFASU?

<p align="justify">La Unitat de Formació (UFASU) és una unitat pertanyent al Servei de Recursos Humans de la Universitat Politècnica de València, que posa a la disposició del personal d'administració i serveis i personal de investigació una sèrie de propostes i possibilitats formatives que els permeten actualitzar els seus coneixements i capacitats professionals fent-los més competents en l'acompliment del seu treball i afavorint l'adaptació als canvis que experimenta la universitat i la societat actual.</p>
Per a açò oferim diferents vies de formació, d'una banda el Pla de Formació biennal que permet formar-se en aquelles matèries transversals a qualsevol perfil professional. D'altra banda disposem de les Ajudes a la formació dirigides a aquells perfils que no troben en el nostre Pla formatiu opcions de formació específiques per al seu lloc. Es tracta d'ajudes que financen els costos d'inscripció en activitats formatives externes a la UFASU. I finalment el finançament de la formació d'Idiomes estrangers dirigit a tots els emprats PAS i de recerca organitzada pel Centre de Llengües de la UPV.

<a style="font-family: 'Droid Sans', 'Helvetica Neue', 'Nimbus Sans L', sans-serif;font-size: 15px;font-style: normal;font-variant: normal;line-height: 24.296875px;text-align: -webkit-center" href="http://ufasu.blogs.upv.es/wp-content/uploads/2013/07/742220C.gif"><img loading="lazy" decoding="async" class="size-medium wp-image-45 aligncenter" src="http://ufasu.blogs.upv.es/wp-content/uploads/2013/07/742220C-300x122.gif" alt="742220C" width="300" height="122" srcset="https://ufasu.blogs.upv.es/wp-content/uploads/2013/07/742220C-300x122.gif 300w, https://ufasu.blogs.upv.es/wp-content/uploads/2013/07/742220C-700x285.gif 700w" sizes="auto, (max-width: 300px) 100vw, 300px" /></a>
<p align="justify">Actualment s'ha incorporat una nova via per a l'autoformació. Es tracta d'una sèrie d'activitats de formació online no tutoritzades que es troben actives i a la disposició de qualsevol interessat en la Plataforma de formació de la UPV (PoliformaT) sota el nom de OpenUFASU.</p>
La Unitat de Formació, juntament amb altres serveis de la UPV (CFP, SPNL, CDL i HISSE), posa a la disposició dels seus usuaris un Portal de Formació que permet disposar i gestionar de tota la informació referent a la seua formació no reglada.

El nostre equip de treball està compost per:
<ul>
 	<li><a href="http://www.upv.es/pls/oalu/sic_per.info_persona?PE=78mSD%2FYIsThwxt06arVPyPy78KHpqet2RTRj4mYvdTz0i7lVQyCjFXaFOtRc0p0zPHU6AAm8EaFoD0wvUzsh3%2FksH9%2FiipkthfWzvLtgaDKi5PdEfDhN8Q%3D%3D&amp;P_IDIOMA=c&amp;P_TIPOBUS=0&amp;P_VISTA=MS"><span style="font-family: Arial"><b>Eva González</b></span></a><span style="font-family: Arial"><b> </b>(Responsable de formació)</span></li>
</ul>
<ul>
 	<li><a href="http://www.upv.es/pls/oalu/sic_per.info_persona?PE=K5MRNhA8C7jVPYn2nZlQN5TvCtW3bnfY6DcV1%2F%2BaUUdF5qfM5p60C3aFOtRc0p0zaCYXZwT0me9iIFXYuCy2T2rWKIPL9p0VlO8K1bdud9jhyt%2FFoiUIfQ%3D%3D&amp;P_IDIOMA=v&amp;P_TIPOBUS=0&amp;P_VISTA=MS"><span style="font-family: Arial"><b>Anabel </b></span></a><span style="font-family: Arial"><b><a href="http://www.upv.es/pls/oalu/sic_per.info_persona?PE=K5MRNhA8C7jVPYn2nZlQN5TvCtW3bnfY6DcV1%2F%2BaUUdF5qfM5p60C3aFOtRc0p0zaCYXZwT0me9iIFXYuCy2T2rWKIPL9p0VlO8K1bdud9jhyt%2FFoiUIfQ%3D%3D&amp;P_IDIOMA=v&amp;P_TIPOBUS=0&amp;P_VISTA=MS">San</a><a href="http://www.upv.es/pls/oalu/sic_per.info_persona?PE=K5MRNhA8C7jVPYn2nZlQN5TvCtW3bnfY6DcV1%2F%2BaUUdF5qfM5p60C3aFOtRc0p0zaCYXZwT0me9iIFXYuCy2T2rWKIPL9p0VlO8K1bdud9jhyt%2FFoiUIfQ%3D%3D&amp;P_IDIOMA=v&amp;P_TIPOBUS=0&amp;P_VISTA=">z</a></b> (Cap d'Unitat Administrativa)</span></li>
</ul>
<ul>
 	<li><span style="font-family: Arial"><a href="http://www.upv.es/pls/oalu/sic_per.info_persona?PE=78mSD%2FYIsTjyIaxjnZdysPXuKMpGrP4cz0Iy4yoOd%2B9F5qfM5p60C3aFOtRc0p0zmRIYvWc9KTloD0wvUzsh35pj6wqFaS1t%2F9hE%2F%2BKen%2FK%2Bpm7dOQ0ZgA%3D%3D&amp;P_IDIOMA=c&amp;P_TIPOBUS=0&amp;P_VISTA="><b>Eva Monteagudo</b></a><a href="http://www.upv.es/pls/oalu/sic_per.info_persona?PE=78mSD%2FYIsTjVYIzqIEvAjek84uH0FywI3q%2FacbheL730i7lVQyCjFXaFOtRc0p0zwEARFK1Vh61oD0wvUzsh3%2BMJilgCDV84AnpclqLa4ZSZjXNandhLuA%3D%3D&amp;P_IDIOMA=c&amp;P_TIPOBUS=0&amp;P_VISTA=MS"> </a>(Administrativa)</span></li>
</ul>
<ul>
 	<li><a href="http://www.upv.es/pls/oalu/sic_per.info_persona?PE=78mSD%2FYIsTjVYIzqIEvAjVxiuiWdyOUxK%2FcGw7hLMo%2F0i7lVQyCjFXaFOtRc0p0z0pvzW8%2F8AaNoD0wvUzsh3%2BMJilgCDV84kU8LhhPv%2Fs9HOxrGqgYpwg%3D%3D&amp;P_IDIOMA=c&amp;P_TIPOBUS=0&amp;P_VISTA=MS"><span style="font-family: Arial"><b>Patricia Sorribes</b></span></a><span style="font-family: Arial"><b> </b>(Administrativa)</span></li>
</ul>
<p align="justify"></p>

<p>La Unitat de Formació (UFASU) és una unitat pertanyent al Servei de Recursos Humans de la Universitat Politècnica de València, que posa a la disposició del personal d&#8217;administració i serveis i personal de investigació una sèrie de propostes i possibilitats formatives que els permeten actualitzar els seus coneixements i capacitats professionals &#8230;</p>
